{"id":190,"date":"2013-09-08T21:57:20","date_gmt":"2013-09-08T20:57:20","guid":{"rendered":"http:\/\/cravan.fr\/berceuses\/?page_id=190"},"modified":"2013-09-17T15:43:16","modified_gmt":"2013-09-17T14:43:16","slug":"alysse-chants-des-dunes","status":"publish","type":"page","link":"https:\/\/cravan.fr\/berceuses\/alysse-chants-des-dunes\/","title":{"rendered":"Alysse &#8211; Chants des Dunes"},"content":{"rendered":"<p><strong>Alysse &#8211; Chants des Dunes &#8211; 2006<\/strong><\/p>\n<p>Dernier Album d&rsquo;Alysse, Chants des Dunes marquait une orientation r\u00e9solument pop\/rock dans la discographie d&rsquo;Alysse.<br \/>\nPierre Cravan \u00e9tait \u00e0 la basse, a particip\u00e9 aux arrangements, et a sign\u00e9 la chanson <em>Longtemps<\/em> que l&rsquo;on retrouve sur l&rsquo;album <em>Inutiles Berceuses<\/em>.<\/p>\n<p><a href=\"https:\/\/cravan.fr\/berceuses\/wp-content\/uploads\/2013\/09\/Chants-Des-Dunes1.png\"><img loading=\"lazy\" decoding=\"async\" class=\"aligncenter\" alt=\"Chants Des Dunes\" src=\"https:\/\/cravan.fr\/berceuses\/wp-content\/uploads\/2013\/09\/Chants-Des-Dunes1.png\" width=\"300\" height=\"299\" \/><\/a><\/p>\n<p style=\"text-align: center;\">\n<p style=\"text-align: center;\">[codepeople-html5-media-player id=2]<\/p>\n<p style=\"text-align: center;\">\n<p><iframe loading=\"lazy\" src=\"https:\/\/www.facebook.com\/video\/embed?video_id=1863559908392\" height=\"480\" width=\"640\" frameborder=\"0\"><\/iframe><\/p>\n","protected":false},"excerpt":{"rendered":"<p>Alysse &#8211; Chants des Dunes &#8211; 2006 Dernier Album d&rsquo;Alysse, Chants des Dunes marquait une orientation r\u00e9solument pop\/rock dans la discographie d&rsquo;Alysse. Pierre Cravan \u00e9tait \u00e0 la basse, a particip\u00e9 aux arrangements, et a sign\u00e9 la chanson Longtemps que l&rsquo;on retrouve sur l&rsquo;album Inutiles Berceuses. [codepeople-html5-media-player id=2]<\/p>\n","protected":false},"author":1,"featured_media":0,"parent":0,"menu_order":0,"comment_status":"open","ping_status":"closed","template":"","meta":{"footnotes":""},"class_list":["post-190","page","type-page","status-publish","hentry"],"_links":{"self":[{"href":"https:\/\/cravan.fr\/berceuses\/wp-json\/wp\/v2\/pages\/190","targetHints":{"allow":["GET"]}}],"collection":[{"href":"https:\/\/cravan.fr\/berceuses\/wp-json\/wp\/v2\/pages"}],"about":[{"href":"https:\/\/cravan.fr\/berceuses\/wp-json\/wp\/v2\/types\/page"}],"author":[{"embeddable":true,"href":"https:\/\/cravan.fr\/berceuses\/wp-json\/wp\/v2\/users\/1"}],"replies":[{"embeddable":true,"href":"https:\/\/cravan.fr\/berceuses\/wp-json\/wp\/v2\/comments?post=190"}],"version-history":[{"count":8,"href":"https:\/\/cravan.fr\/berceuses\/wp-json\/wp\/v2\/pages\/190\/revisions"}],"predecessor-version":[{"id":278,"href":"https:\/\/cravan.fr\/berceuses\/wp-json\/wp\/v2\/pages\/190\/revisions\/278"}],"wp:attachment":[{"href":"https:\/\/cravan.fr\/berceuses\/wp-json\/wp\/v2\/media?parent=190"}],"curies":[{"name":"wp","href":"https:\/\/api.w.org\/{rel}","templated":true}]}}

<p><strong>Alysse &#8211; Chants des Dunes &#8211; 2006</strong></p>
<p>Dernier Album d&rsquo;Alysse, Chants des Dunes marquait une orientation résolument pop/rock dans la discographie d&rsquo;Alysse.<br />
Pierre Cravan était à la basse, a participé aux arrangements, et a signé la chanson <em>Longtemps</em> que l&rsquo;on retrouve sur l&rsquo;album <em>Inutiles Berceuses</em>.</p>
<p><a href="https://cravan.fr/berceuses/wp-content/uploads/2013/09/Chants-Des-Dunes1.png"><img loading="lazy" decoding="async" class="aligncenter" alt="Chants Des Dunes" src="https://cravan.fr/berceuses/wp-content/uploads/2013/09/Chants-Des-Dunes1.png" width="300" height="299" /></a></p>
<p style="text-align: center;">
<p style="text-align: center;">[codepeople-html5-media-player id=2]</p>
<p style="text-align: center;">
<p><iframe loading="lazy" src="https://www.facebook.com/video/embed?video_id=1863559908392" height="480" width="640" frameborder="0"></iframe></p>

<p>Alysse &#8211; Chants des Dunes &#8211; 2006 Dernier Album d&rsquo;Alysse, Chants des Dunes marquait une orientation résolument pop/rock dans la discographie d&rsquo;Alysse. Pierre Cravan était à la basse, a participé aux arrangements, et a signé la chanson Longtemps que l&rsquo;on retrouve sur l&rsquo;album Inutiles Berceuses. [codepeople-html5-media-player id=2]</p>
